*q**2 + 205*q - 103. What is c(-1)?
-15
Let h(b) = -1190*b - 8020. What is h(-8)?
1500
Let m(y) = -y**3 - 117*y**2 - 393*y - 5772. What is m(-114)?
42
Let c(d) = -2980*d**2 - 5940*d - 1. Calculate c(-2).
-41
Let x(z) = -9*z**2 + 496*z - 6126. What is x(19)?
49
Let d(t) = 3146957*t - 25175659. Give d(8).
-3
Let j(q) = -256*q**3 + q**2 + 83*q - 84. Give j(1).
-256
Let s(z) = 5*z**3 - 55*z**2 + 72*z + 336. What is s(8)?
-48
Let g(a) = -2*a**3 - 84*a**2 - a + 1. Calculate g(0).
1
Let o(h) = 8*h**2 - 858*h + 17603. What is o(79)?
-251
Let n(i) = 197*i**2 - 40*i - 12285. Determine n(8).
3
Let a(z) = -158*z**3 + 785*z**2 + 715*z - 3453. What is a(5)?
-3
Let i(o) = 280*o - 32489. Give i(116).
-9
Let u(j) = j**3 + 34*j**2 + 145*j - 30. What is u(-30)?
-780
Let i(d) = -3019*d - 60843. Calculate i(-20).
-463
Let d(x) = -8*x**2 + 4178*x + 8338. Calculate d(-2).
-50
Let c(b) = -b**2 - 28*b - 53. Give c(-31).
-146
Let x(j) = 5*j**2 + 126*j + 231. Calculate x(-3).
-102
Let c(v) = 73*v - 2794. Calculate c(38).
-20
Let v(a) = 3*a**2 - 491*a - 2088. Give v(168).
96
Let f(n) = -n**3 - 104*n**2 - 185*n + 1229. Give f(-102).
-709
Let c(g) = -g**3 - 107*g**2 + 555*g + 24745. Give c(-110).
-5
Let h(w) = 2810*w - 539516. Give h(192).
4
Let c(m) = -2*m**2 + 1009*m + 18761. What is c(-18)?
-49
Let x(a) = -17006*a + 2703942. Determine x(159).
-12
Let m(j) = -324*j**2 - 2895*j + 292. What is m(-9)?
103
Let j(t) = 21596*t - 712701. What is j(33)?
-33
Let d(j) = j**3 - 387*j**2 + 1521*j + 4210. Determine d(383).
-3
Let s(v) = -v**2 + 5*v - 527. Give s(-55).
-3827
Let d(l) = -l**2 + 972*l + 2175. Calculate d(0).
2175
Let c(g) = -4*g**3 - 269*g**2 - 93*g - 1692. Determine c(-67).
50
Let k(r) = 455*r - 896. Give k(3).
469
Let n(a) = 193*a + 1478. What is n(-8)?
-66
Let s(c) = 9*c**3 - 242*c**2 - 30*c - 12. What is s(27)?
-93
Let w(x) = -50801*x - 914388. Determine w(-18).
30
Let g(d) = -d**3 + 13*d**2 + 40*d - 642. Calculate g(9).
42
Let z(o) = -2107*o + 75877. Give z(36).
25
Let s(y) = 8*y**2 - 1069*y - 6173. Determine s(139).
-196
Let s(h) = 2*h**3 - 34*h**2 - 113*h + 160. Calculate s(19).
-543
Let x(p) = 342*p - 49430. Give x(130).
-4970
Let o(d) = -d**2 + 450*d + 174997. Determine o(-250).
-3
Let h(v) = -32104*v + 224719. Give h(7).
-9
Let r(q) = 2*q**3 + 29*q**2 + 121*q + 131. Give r(-6).
17
Let x(u) = 28*u**2 + 2148*u + 35426. Calculate x(-24).
2
Let d(n) = -5716*n**2 + 34231*n - 16. What is d(6)?
-406
Let k(f) = 677*f + 353866. Determine k(-523).
-205
Let u(i) = i**3 - 900*i**2 + 116094*i - 22325. What is u(744)?
-5
Let j(f) = 14*f**2 - 1452*f + 2423. Calculate j(102).
-25
Let o(h) = -h**3 + 325*h**2 - 2501*h - 11121. Give o(317).
-26
Let u(g) = g**2 + 46*g + 557. Determine u(-26).
37
Let v(a) = -1398*a - 8467. Determine v(-6).
-79
Let b(v) = -492511*v + 39. Give b(0).
39
Let w(x) = 37*x**2 + 8181*x + 808. Give w(-221).
-76
Let v(i) = 45770*i + 1052745. Calculate v(-23).
35
Let b(y) = y**2 + 2*y - 1893. Calculate b(-46).
131
Let h(d) = -5*d**2 + 7509*d + 45240. Give h(-6).
6
Let v(h) = -15*h**2 + 652*h + 441. Calculate v(44).
89
Let v(i) = 3521*i + 862643. Give v(-245).
-2
Let j(x) = 579*x - 266640. Give j(457).
-2037
Let v(x) = x**2 - 9237*x + 750712. Calculate v(82).
2
Let x(n) = 128*n + 1766. Calculate x(-16).
-282
Let z(p) = -22*p**2 - 142*p + 16. Determine z(-7).
-68
Let q(d) = -23*d**2 + 395*d + 1563. What is q(-4)?
-385
Let a(k) = 3*k**3 - 977*k**2 + 1653*k - 10714. What is a(324)?
-22
Let o(g) = 4260*g + 357823. What is o(-84)?
-17
Let z(w) = -w**3 + 2158*w**2 + 23877*w + 45. Give z(-11).
-153
Let v(a) = 3148*a - 639012. Calculate v(203).
32
Let u(k) = 3743*k + 52447. Calculate u(-14).
45
Let k(c) = 21*c**2 - 1408*c + 8812. Calculate k(6).
1120
Let s(u) = -2*u**3 - 748*u**2 + 35859*u - 1239. Give s(-417).
12
Let o(w) = w**2 - 1915*w - 1562250. Give o(-617).
-6
Let f(u) = 4*u**3 - 14*u**2 - 6018*u + 29911. What is f(5)?
-29
Let s(u) = 176*u**3 - u**2 - 199*u - 386. Calculate s(-2).
-1400
Let g(x) = 6*x**2 - 233*x - 58243. Calculate g(-81).
-4
Let s(r) = -9*r**2 + 43*r - 68. What is s(2)?
-18
Let a(m) = -9671*m + 19405. Give a(2).
63
Let i(s) = 11*s**3 + 4*s**2 + 127*s + 501. Determine i(-3).
-141
Let h(g) = -g**3 + 125*g**2 + 420*g - 4955. What is h(128)?
-347
Let t(z) = z**3 + 151*z**2 + 700*z - 173. Calculate t(-5).
-23
Let y(f) = -118*f**2 - 15279*f - 7370. Calculate y(-129).
-17
Let z(i) = i**3 + 668*i**2 - 17346*i - 14548. Give z(-693).
5
Let r(o) = -46*o**2 + 612*o + 238. Determine r(13).
420
Let t(c) = -933*c + 89703. Give t(96).
135
Let m(u) = 10*u**2 + 430*u - 2179. Give m(5).
221
Let i(c) = -205336*c + 1437344. What is i(7)?
-8
Let c(p) = 10*p**2 - 863*p - 4453. Calculate c(-5).
112
Let u(s) = 3*s**3 + 18708*s**2 - 56137*s. Calculate u(3).
42
Let i(d) = d**3 - 7*d**2 + 37*d - 181. What is i(6)?
5
Let o(k) = 14371*k + 28755. Calculate o(-2).
13
Let m(n) = -81*n - 29801. Give m(-368).
7
Let n(h) = -62542*h - 5065899. Calculate n(-81).
3
Let c(f) = f**2 + 3923*f + 62456. Calculate c(-16).
-56
Let k(s) = 244*s**3 + 59*s**2 + 132*s + 20. Calculate k(-2).
-1960
Let f(b) = 9816*b + 147545. Calculate f(-15).
305
Let v(b) = b**3 + 49*b**2 - 123*b - 3706. Calculate v(-50).
-56
Let t(i) = -5*i + 119. Give t(28).
-21
Let n(l) = -6*l**2 + 367*l - 2279. Determine n(7).
-4
Let q(g) = 54*g**2 - 2525*g + 10791. Calculate q(42).
-3
Let t(l) = -1537*l - 35365. Give t(-23).
-14
Let b(a) = -a**3 + 27*a**2 + 245*a + 243. Calculate b(-9).
954
Let s(p) = -117*p**2 + 1073*p + 2133. Determine s(-2).
-481
Let b(z) = -5225*z + 2366945. What is b(453)?
20
Let k(f) = -5299*f + 253. Give k(0).
253
Let j(p) = 35*p**2 + 5219*p - 5220. Calculate j(1).
34
Let i(j) = j**2 + 21*j - 15121. Determine i(105).
-1891
Let k(l) = -1159*l - 69189. Calculate k(-61).
1510
Let l(m) = -265*m**3 - 8*m**2 - m + 8. What is l(-1)?
266
Let t(b) = -54202*b + 650473. Calculate t(12).
49
Let o(m) = 2117*m + 127816. Calculate o(-60).
796
Let c(k) = -134*k - 1847. Calculate c(-14).
29
Let j(h) = -224*h**3 + 262082*h**2 - 2339*h - 1173. What is j(1170)?
-3
Let m(d) = -3*d**3 + 35*d**2 + 101*d - 1194. Determine m(12).
-126
Let n(r) = 20*r**3 - 5579*r**2 - 33420*r + 5. Calculate n(-6).
-4639
Let f(b) = b**3 + 31*b**2 + 4050*b + 60973. Determine f(-16).
13
Let k(q) = 7*q**2 - 795*q + 11415. Calculate k(97).
163
Let r(p) = -5*p**2 + 1176*p - 10375. Calculate r(226).
21
Let f(x) = -x**3 + 19*x**2 + 468*x - 8591. Calculate f(17).
-57
Let a(z) = 2*z**2 + 225*z - 6059. Determine a(22).
-141
Let y(j) = 177*j + 3900. Give y(-24).
-348
Let j(u) = u**3 + 4*u**2 - 9638*u - 67345. What is j(-7)?
-26
Let r(x) = 7*x**2 + 485*x + 8191. What is r(-29)?
13
Let x(r) = -r**2 + 243*r + 3863. Give x(-15).
-7
Let r(s) = -s**3 + 55*s**2 + 319*s - 17583. What is r(55)?
-38
Let f(u) = -u**3 - 1584*u**2 - 196917*u + 15933. What is f(-1448)?
5
Let m(q) = -10294*q + 5249901. What is m(510)?
-39
Let j(a) = 4749*a + 94599. What is j(-20)?
-381
Let l(x) = -2419*x + 11128. What is l(4)?
1452
Let c(y) = 6198*y**2 - 24794*y + 10. Calculate c(4).
2
Let m(h) = 8124*h**2 + 8127*h - 4. Give m(-1).
-7
Let d(x) = -3*x**3 + 16*x**2 - 158*x + 1312. What is d(7)?
-39
Let c(k) = k**3 + 15*k**2 + 52*k + 409. What is c(-12)?
217
Let j(c) = 25665*c - 230920. Calculate j(9).
65
Let c(z) = -92*z + 3753. Determine c(47).
-571
Let d(s) = -27623*s - 27027. Calculate d(-1).
596
Let p(d) = -734*d - 82691. Calculate p(-113).
251
Let d(a) = 2*a**3 - 30*a**2 - 101*a - 102. What is d(18)?
24
Let f(l) = -18*l**2 + 2509*l - 17548. Determine f(132).
8
Let d(w) = 6365*w**2 + 57290*w + 50. Calculate d(-9).
5
Let z(y) = 4*y**3 + 275*y**2 + 3032*y + 28. Give z(-55).
-357
Let u(m) = -m**2 - 2208*m + 145403. Give u(64).
-5
Let h(t) = -36*t + 1222. Calculate h(27).
250
Let x(c) = -99*c + 3608. Give x(35).
143
Let j(k) = 2*k**3 - 387*k**2 - 173*k - 4390. Calculate j(194).
-316
Let i(u) = u**3 - 133*u**2 + 237*u + 3242. What is i(131)?
-33
Let c(k) = -2*k**2 + 1057*k + 3358. Give c(0).
3358
Let u(c) = -5*c**2 - 1054*c + 33970. Determine u(-239).
271
Let s(a) = 7*a**2 + 2758*a - 261751. What is s(79)?
-182
Let a(q) = 465*q + 69234. Give a(-149).
-51
Let j(u) = -3*u**3 - 32*u**2 + 320*u - 50. Determine j(-17).
1
Let r(g) = -g**3 + 540*g**2 - 51577*g - 3018. Calculate r(416).
-10